{"id":102,"date":"2020-02-04T22:42:56","date_gmt":"2020-02-04T21:42:56","guid":{"rendered":"https:\/\/www.velo-electrique-attitude.com\/guide\/?page_id=102"},"modified":"2020-02-11T14:42:16","modified_gmt":"2020-02-11T13:42:16","slug":"tout-savoir-sur-les-velos-electriques","status":"publish","type":"page","link":"https:\/\/www.velo-electrique-attitude.com\/guide\/tout-savoir-sur-les-velos-electriques\/","title":{"rendered":"Tout savoir sur les v\u00e9los \u00e9lectriques"},"content":{"rendered":"\n<p>Les <a href=\"https:\/\/www.velo-electrique-attitude.com\/guide\/\">v\u00e9los \u00e9lectriques ont le vent en poupe<\/a> et ce n\u2019est pas une surprise et pour plusieurs raisons.<\/p>\n\n\n\n<p>Le v\u00e9lo est synonyme de libert\u00e9, de sport et surtout de bonheur.<\/p>\n\n\n\n<p>A v\u00e9lo, il est plus pratique de se d\u00e9placer en ville. On se balade, on fl\u00e2ne \u00e0 l\u2019air libre tout en pratiquant du sport.<\/p>\n\n\n\n<p>Tous ces \u00e9l\u00e9ments font qu\u2019on est moins stress\u00e9, plus en forme et tout simplement plus heureux.<\/p>\n\n\n\n<p>Dans cet article et les posts qui y sont associ\u00e9s nous allons d\u00e9couvrir ensemble cet univers.<\/p>\n\n\n\n\n\n\n\n<h2>Comment fonctionne un v\u00e9lo \u00e9lectrique?<\/h2>\n\n\n\n<p>Le v\u00e9lo \u00e9lectrique est tout simplement un v\u00e9lo classique auquel on rajoute un moteur pour nous assister dans l\u2019effort et une batterie pour alimenter ce dernier.<\/p>\n\n\n\n<p>Vous avez \u00e0 disposition diff\u00e9rents degr\u00e9s assistances \u00e9lectriques pour param\u00e9trer le niveau d\u2019aide du moteur \u00e9lectrique \u00e0 partir d\u2019un petit \u00e9cran sur le guidon (le display).<\/p>\n\n\n\n<p>Nous d\u00e9taillons sur ce lien, <a href=\"https:\/\/www.velo-electrique-attitude.com\/guide\/elements-dun-velo-electrique\/\">les \u00e9l\u00e9ments constituant d\u2019un v\u00e9lo<\/a>, ainsi que la partie \u00e9lectrique.<\/p>\n\n\n\n<h2>V\u00e9lo classique vs v\u00e9lo \u00e9lectrique&nbsp;?<\/h2>\n\n\n\n<p>Doit-on vraiment opposer un 2 roues classique \u00e0 un v\u00e9lo \u00e9lectrique.<\/p>\n\n\n\n<p>Pour moi, pas du tout. Si vous utilisez votre v\u00e9lo au quotidien, et que vous n\u2019avez de difficult\u00e9 \u00e0 remonter les c\u00f4tes, et que vous arrivez \u00e0 g\u00e9rer votre effort sur tout le trajet. Dans ce cas, nul besoin d\u2019utiliser un v\u00e9lo \u00e9lectrique.<\/p>\n\n\n\n<p>Si au contraire vous \u00eates d\u00e9courag\u00e9 \u00e0 l\u2019id\u00e9e d\u2019utiliser un v\u00e9lo pour aller au travail, vous balader ou faire vos courses.<\/p>\n\n\n\n<p>Dans ce cas, le v\u00e9lo \u00e9lectrique devient un formidable outil pour vous encourager \u00e0 mieux utiliser votre v\u00e9lo.<\/p>\n\n\n\n<p>L\u2019usage du v\u00e9lo est tout de suite facilit\u00e9. D\u00e9vorer des kilom\u00e8tres, ne devient plus une contrainte. Remonter des c\u00f4tes n\u2019est plus insurmontable. Se balader avec \u00e0 v\u00e9lo avec sa compagne, ces enfants ou ces amis devient tout de suite agr\u00e9able.<\/p>\n\n\n\n<p>Chez velo electrique attitude, nous pensons que le v\u00e9lo est l\u2019avenir de nos villes qui deviennent de plus en plus satur\u00e9s et pollu\u00e9es.<\/p>\n\n\n\n<p>Actuellement, il y\u2019a une vraie mobilisation pour que nos villes proposent plus d\u2019infrastructures pour le v\u00e9lo, et une limitation de la voiture.<\/p>\n\n\n\n<p>Le v\u00e9lo \u00e9lectrique est le mode de d\u00e9placement selon nous qui d\u00e9mocratisera l\u2019usage du v\u00e9lo.<\/p>\n\n\n\n<h2>Quel \u00e9l\u00e9ment \u00e0 prendre en compte pour acheter son v\u00e9lo \u00e9lectrique&nbsp;?<\/h2>\n\n\n\n<p>Il n\u2019est pas toujours facile de choisir le v\u00e9lo \u00e9lectrique le mieux adapt\u00e9 \u00e0 nos mieux.<\/p>\n\n\n\n<p>Il y\u2019a plusieurs param\u00e8tres qui rentrent en jeu et il est important avant d\u2019acheter son v\u00e9lo \u00e9lectrique de se poser les bonnes questions.<\/p>\n\n\n\n<blockquote class=\"wp-block-quote\"><p>D\u00e9couvrez <a href=\"https:\/\/www.velo-electrique-attitude.com\/content\/7-guide-achat-velo-electrique-comparatif\">notre guide complet<\/a> et une s\u00e9rie de conseils pratiques pour trouver le v\u00e9lo \u00e9lectrique de vos r\u00eaves.<\/p><\/blockquote>\n\n\n\n<p>Les collectivit\u00e9s locales ont bien compris bien l\u2019int\u00e9r\u00eat du v\u00e9lo pour la vie de la ville. <\/p>\n\n\n\n<p>Ainsi, mis \u00e0 part l&rsquo;investissement sur infrastructure (pistes cyclables, parking \u00e0 v\u00e9lo &#8230;), les communes octroient des <a href=\"https:\/\/www.velo-electrique-attitude.com\/guide\/subvention-velo-electrique\/\">subventions v\u00e9los \u00e9lectriques<\/a> pour encourager la mobilit\u00e9 douce.<\/p>\n\n\n\n<h2>Quels sont les diff\u00e9rents types de v\u00e9los \u00e9lectriques&nbsp;?<\/h2>\n\n\n\n<p>Il y\u2019a un v\u00e9lo \u00e9lectrique pour chaque usage&nbsp;:<\/p>\n\n\n\n<ul><li>V\u00e9lo \u00e9lectrique pliant&nbsp;: id\u00e9al si vous souhaitez le transporter et le ranger facilement<\/li><li>V\u00e9lo \u00e9lectrique ville&nbsp;: parfait si vous souhaitez l\u2019utiliser en milieu urbain<\/li><li>VTC \u00e9lectrique (v\u00e9lo \u00e9lectrique tout chemin) : adapt\u00e9 pour chemins en for\u00eat<\/li><li>VTT (v\u00e9lo tout terrain)&nbsp;\/ VTTAE : con\u00e7u pour faire des balades sur n\u2019importe quel type de chemin<\/li><li>Triporteur \u00e9lectrique&nbsp;: utile pour d\u00e9placer vos enfants, animaux ou marchandise<\/li><li>Speed bike&nbsp;: des v\u00e9los \u00e9lectriques qui d\u00e9passent les 25km\/h<\/li><\/ul>\n\n\n\n<h2>Quelle est la diff\u00e9rence entre un v\u00e9lo \u00e9lectrique et un v\u00e9lo \u00e0 assistance \u00e9lectrique (VEA) ?<\/h2>\n\n\n\n<p>Un VAE (v\u00e9lo \u00e0 assistance \u00e9lectrique) est tout type de v\u00e9lo avec p\u00e9dalage assist\u00e9.<\/p>\n\n\n\n<p>Il n\u2019y a pas diff\u00e9rence entre un VAE et un v\u00e9lo \u00e9lectrique, on a juste tendance \u00e0 simplifier et le nommer ainsi.<\/p>\n\n\n\n<p>En revanche, pour \u00eatre homologu\u00e9 la loi pr\u00e9voit que le VAE doit avoir&nbsp;:<\/p>\n\n\n\n<ul><li>Une aide du moteur d\u00e9clench\u00e9e au p\u00e9dalage<\/li><li>Une puissance maximale du moteur de 250 W<\/li><li>Une assistance coup\u00e9e \u00e0 25 km\/h<\/li><\/ul>\n\n\n\n<p>D\u00e9couvrez le d\u00e9tail de la r\u00e9glementation sur ce lien.<\/p>\n\n\n\n<h4>Posts autour du v\u00e9lo \u00e9lectrique<\/h4>\n\n\n\n<ul class=\"links\"><li id=\"a1a6a1a9-4a50-4567-9c91-6e4a25871f67-108\"><a href=\"https:\/\/www.velo-electrique-attitude.com\/guide\/quest-ce-que-le-velotaff\/\">Qu&rsquo;est ce que le velotaff<\/a><\/li><\/ul>\n","protected":false},"excerpt":{"rendered":"<p>Les et ce n\u2019est pas une surprise et pour plusieurs raisons. Le v\u00e9lo est synonyme de libert\u00e9, de sport et surtout de bonheur. A v\u00e9lo, il est plus pratique de se d\u00e9placer en ville. On se balade, on fl\u00e2ne \u00e0 l\u2019air libre tout en pratiquant du sport. Tous ces \u00e9l\u00e9ments font qu\u2019on est moins stress\u00e9, [&hellip;]<\/p>\n","protected":false},"author":1,"featured_media":0,"parent":0,"menu_order":0,"comment_status":"closed","ping_status":"closed","template":"","meta":[],"yoast_head":"<!-- This site is optimized with the Yoast SEO plugin v19.9 - https:\/\/yoast.com\/wordpress\/plugins\/seo\/ -->\n<title>Tout savoir sur les v\u00e9los \u00e9lectriques -<\/title>\n<meta name=\"robots\" content=\"index, follow, max-snippet:-1, max-image-preview:large, max-video-preview:-1\" \/>\n<link rel=\"canonical\" href=\"http:\/\/www.velo-electrique-attitude.com\/guide\/tout-savoir-sur-les-velos-electriques\/\" \/>\n<meta property=\"og:locale\" content=\"fr_FR\" \/>\n<meta property=\"og:type\" content=\"article\" \/>\n<meta property=\"og:title\" content=\"Tout savoir sur les v\u00e9los \u00e9lectriques -\" \/>\n<meta property=\"og:description\" content=\"Les et ce n\u2019est pas une surprise et pour plusieurs raisons. Le v\u00e9lo est synonyme de libert\u00e9, de sport et surtout de bonheur. A v\u00e9lo, il est plus pratique de se d\u00e9placer en ville. On se balade, on fl\u00e2ne \u00e0 l\u2019air libre tout en pratiquant du sport. Tous ces \u00e9l\u00e9ments font qu\u2019on est moins stress\u00e9, [&hellip;]\" \/>\n<meta property=\"og:url\" content=\"http:\/\/www.velo-electrique-attitude.com\/guide\/tout-savoir-sur-les-velos-electriques\/\" \/>\n<meta property=\"article:modified_time\" content=\"2020-02-11T13:42:16+00:00\" \/>\n<meta name=\"twitter:card\" content=\"summary_large_image\" \/>\n<meta name=\"twitter:label1\" content=\"Dur\u00e9e de lecture estim\u00e9e\" \/>\n\t<meta name=\"twitter:data1\" content=\"4 minutes\" \/>\n<script type=\"application\/ld+json\" class=\"yoast-schema-graph\">{\"@context\":\"https:\/\/schema.org\",\"@graph\":[{\"@type\":\"WebPage\",\"@id\":\"http:\/\/www.velo-electrique-attitude.com\/guide\/tout-savoir-sur-les-velos-electriques\/\",\"url\":\"http:\/\/www.velo-electrique-attitude.com\/guide\/tout-savoir-sur-les-velos-electriques\/\",\"name\":\"Tout savoir sur les v\u00e9los \u00e9lectriques -\",\"isPartOf\":{\"@id\":\"https:\/\/www.velo-electrique-attitude.com\/guide\/#website\"},\"datePublished\":\"2020-02-04T21:42:56+00:00\",\"dateModified\":\"2020-02-11T13:42:16+00:00\",\"breadcrumb\":{\"@id\":\"http:\/\/www.velo-electrique-attitude.com\/guide\/tout-savoir-sur-les-velos-electriques\/#breadcrumb\"},\"inLanguage\":\"fr-FR\",\"potentialAction\":[{\"@type\":\"ReadAction\",\"target\":[\"http:\/\/www.velo-electrique-attitude.com\/guide\/tout-savoir-sur-les-velos-electriques\/\"]}]},{\"@type\":\"BreadcrumbList\",\"@id\":\"http:\/\/www.velo-electrique-attitude.com\/guide\/tout-savoir-sur-les-velos-electriques\/#breadcrumb\",\"itemListElement\":[{\"@type\":\"ListItem\",\"position\":1,\"name\":\"Accueil\",\"item\":\"https:\/\/www.velo-electrique-attitude.com\/guide\/\"},{\"@type\":\"ListItem\",\"position\":2,\"name\":\"Tout savoir sur les v\u00e9los \u00e9lectriques\"}]},{\"@type\":\"WebSite\",\"@id\":\"https:\/\/www.velo-electrique-attitude.com\/guide\/#website\",\"url\":\"https:\/\/www.velo-electrique-attitude.com\/guide\/\",\"name\":\"\",\"description\":\"\",\"potentialAction\":[{\"@type\":\"SearchAction\",\"target\":{\"@type\":\"EntryPoint\",\"urlTemplate\":\"https:\/\/www.velo-electrique-attitude.com\/guide\/?s={search_term_string}\"},\"query-input\":\"required name=search_term_string\"}],\"inLanguage\":\"fr-FR\"}]}<\/script>\n<!-- \/ Yoast SEO plugin. -->","yoast_head_json":{"title":"Tout savoir sur les v\u00e9los \u00e9lectriques -","robots":{"index":"index","follow":"follow","max-snippet":"max-snippet:-1","max-image-preview":"max-image-preview:large","max-video-preview":"max-video-preview:-1"},"canonical":"http:\/\/www.velo-electrique-attitude.com\/guide\/tout-savoir-sur-les-velos-electriques\/","og_locale":"fr_FR","og_type":"article","og_title":"Tout savoir sur les v\u00e9los \u00e9lectriques -","og_description":"Les et ce n\u2019est pas une surprise et pour plusieurs raisons. Le v\u00e9lo est synonyme de libert\u00e9, de sport et surtout de bonheur. A v\u00e9lo, il est plus pratique de se d\u00e9placer en ville. On se balade, on fl\u00e2ne \u00e0 l\u2019air libre tout en pratiquant du sport. Tous ces \u00e9l\u00e9ments font qu\u2019on est moins stress\u00e9, [&hellip;]","og_url":"http:\/\/www.velo-electrique-attitude.com\/guide\/tout-savoir-sur-les-velos-electriques\/","article_modified_time":"2020-02-11T13:42:16+00:00","twitter_card":"summary_large_image","twitter_misc":{"Dur\u00e9e de lecture estim\u00e9e":"4 minutes"},"schema":{"@context":"https:\/\/schema.org","@graph":[{"@type":"WebPage","@id":"http:\/\/www.velo-electrique-attitude.com\/guide\/tout-savoir-sur-les-velos-electriques\/","url":"http:\/\/www.velo-electrique-attitude.com\/guide\/tout-savoir-sur-les-velos-electriques\/","name":"Tout savoir sur les v\u00e9los \u00e9lectriques -","isPartOf":{"@id":"https:\/\/www.velo-electrique-attitude.com\/guide\/#website"},"datePublished":"2020-02-04T21:42:56+00:00","dateModified":"2020-02-11T13:42:16+00:00","breadcrumb":{"@id":"http:\/\/www.velo-electrique-attitude.com\/guide\/tout-savoir-sur-les-velos-electriques\/#breadcrumb"},"inLanguage":"fr-FR","potentialAction":[{"@type":"ReadAction","target":["http:\/\/www.velo-electrique-attitude.com\/guide\/tout-savoir-sur-les-velos-electriques\/"]}]},{"@type":"BreadcrumbList","@id":"http:\/\/www.velo-electrique-attitude.com\/guide\/tout-savoir-sur-les-velos-electriques\/#breadcrumb","itemListElement":[{"@type":"ListItem","position":1,"name":"Accueil","item":"https:\/\/www.velo-electrique-attitude.com\/guide\/"},{"@type":"ListItem","position":2,"name":"Tout savoir sur les v\u00e9los \u00e9lectriques"}]},{"@type":"WebSite","@id":"https:\/\/www.velo-electrique-attitude.com\/guide\/#website","url":"https:\/\/www.velo-electrique-attitude.com\/guide\/","name":"","description":"","potentialAction":[{"@type":"SearchAction","target":{"@type":"EntryPoint","urlTemplate":"https:\/\/www.velo-electrique-attitude.com\/guide\/?s={search_term_string}"},"query-input":"required name=search_term_string"}],"inLanguage":"fr-FR"}]}},"_links":{"self":[{"href":"https:\/\/www.velo-electrique-attitude.com\/guide\/wp-json\/wp\/v2\/pages\/102"}],"collection":[{"href":"https:\/\/www.velo-electrique-attitude.com\/guide\/wp-json\/wp\/v2\/pages"}],"about":[{"href":"https:\/\/www.velo-electrique-attitude.com\/guide\/wp-json\/wp\/v2\/types\/page"}],"author":[{"embeddable":true,"href":"https:\/\/www.velo-electrique-attitude.com\/guide\/wp-json\/wp\/v2\/users\/1"}],"replies":[{"embeddable":true,"href":"https:\/\/www.velo-electrique-attitude.com\/guide\/wp-json\/wp\/v2\/comments?post=102"}],"version-history":[{"count":16,"href":"https:\/\/www.velo-electrique-attitude.com\/guide\/wp-json\/wp\/v2\/pages\/102\/revisions"}],"predecessor-version":[{"id":368,"href":"https:\/\/www.velo-electrique-attitude.com\/guide\/wp-json\/wp\/v2\/pages\/102\/revisions\/368"}],"wp:attachment":[{"href":"https:\/\/www.velo-electrique-attitude.com\/guide\/wp-json\/wp\/v2\/media?parent=102"}],"curies":[{"name":"wp","href":"https:\/\/api.w.org\/{rel}","templated":true}]}}